{"id":24,"date":"2024-11-05T14:18:19","date_gmt":"2024-11-05T14:18:19","guid":{"rendered":"https:\/\/www.aviators.at\/?page_id=24"},"modified":"2025-12-11T09:50:23","modified_gmt":"2025-12-11T09:50:23","slug":"buecher","status":"publish","type":"page","link":"https:\/\/www.aviators.at\/?page_id=24","title":{"rendered":"B\u00fccher"},"content":{"rendered":"\n<div class=\"wp-block-query alignfull is-layout-flow wp-block-query-is-layout-flow\">\n<blockquote class=\"wp-block-quote is-style-default has-base-background-color has-background has-large-font-size is-layout-flow wp-container-core-quote-is-layout-e3d1c41b wp-block-quote-is-layout-flow\">\n<p class=\"has-medium-font-size\">Familie Clain hat seit den Neuzigern weltweit f\u00fcr die historische Romanreihe Aviators recherchiert. Der Abenteuerroman umfasst 150 Jahre Weltgeschichte in Bereichen Politik, technische Entwicklungen, Kriege, Familienschicksale und Gesellschaftswandel.<\/p>\n\n\n\n<p class=\"has-medium-font-size\">Eingebettet in Familienbande \u00fcber f\u00fcnf Generationen erlebt man in diesem emotionalen Drama, Aufstieg und Niedergang von Sippen in \u00d6sterreich, Ungarn, Russland, England, USA und Japan. <strong><em>Klicke die B\u00fccher an!<\/em><\/strong><\/p>\n<cite>H. C. &amp; C. St. &amp; K. K. Clain <em>(Pseudonyme)<\/em><\/cite><\/blockquote>\n\n\n\n<div class=\"wp-block-query alignwide is-layout-flow wp-block-query-is-layout-flow\">\n\n\n<div class=\"wp-block-group is-layout-flow wp-container-core-group-is-layout-baf21f54 wp-block-group-is-layout-flow\" style=\"margin-top:0;margin-bottom:0;padding-top:var(--wp--preset--spacing--20);padding-right:var(--wp--preset--spacing--30);padding-bottom:var(--wp--preset--spacing--20);padding-left:var(--wp--preset--spacing--30)\"><ul class=\"columns-5 alignfull wp-block-post-template is-layout-grid wp-container-core-post-template-is-layout-6d77a948 wp-block-post-template-is-layout-grid\"><li class=\"wp-block-post post-148 post type-post status-publish format-standard has-post-thumbnail hentry category-buecher\">\n<figure style=\"aspect-ratio:3\/4; padding-bottom:var(--wp--preset--spacing--20);margin-bottom:0;\" class=\"wp-block-post-featured-image\"><a href=\"https:\/\/www.aviators.at\/?p=148\" target=\"_self\"  ><img loading=\"lazy\" decoding=\"async\" width=\"843\" height=\"1212\" src=\"https:\/\/www.aviators.at\/wp-content\/uploads\/2024\/11\/2009-02-28-1-Umschlag-Gelber-Drache.jpg\" class=\"attachment-post-thumbnail size-post-thumbnail wp-post-image\" alt=\"Gelber Drache\/Roman, die Flieger\" style=\"width:100%;height:100%;object-fit:cover;\" srcset=\"https:\/\/www.aviators.at\/wp-content\/uploads\/2024\/11\/2009-02-28-1-Umschlag-Gelber-Drache.jpg 843w, https:\/\/www.aviators.at\/wp-content\/uploads\/2024\/11\/2009-02-28-1-Umschlag-Gelber-Drache-209x300.jpg 209w, https:\/\/www.aviators.at\/wp-content\/uploads\/2024\/11\/2009-02-28-1-Umschlag-Gelber-Drache-712x1024.jpg 712w, https:\/\/www.aviators.at\/wp-content\/uploads\/2024\/11\/2009-02-28-1-Umschlag-Gelber-Drache-768x1104.jpg 768w\" sizes=\"auto, (max-width: 843px) 100vw, 843px\" \/><\/a><\/figure>\n\n\n<div class=\"wp-block-group is-vertical is-nowrap is-layout-flex wp-container-core-group-is-layout-97ba36a5 wp-block-group-is-layout-flex\" style=\"margin-top:var(--wp--preset--spacing--20);padding-top:0\"><h2 class=\"wp-block-post-title has-large-font-size wp-container-content-32e3a40d\"><a href=\"https:\/\/www.aviators.at\/?p=148\" target=\"_self\" >Gelber Drache\/Roman, die Flieger<\/a><\/h2>\n\n<div class=\"wp-block-post-excerpt has-text-color has-contrast-2-color has-small-font-size wp-container-content-32e3a40d\"><p class=\"wp-block-post-excerpt__excerpt\">BAND I; 1880 &#8211; 1904; 423 Seiten (3 Auflagen): Protagonist ist Albert Salvator, legitimer (fiktiver) Sohn von Erzherzog Johann Salvator Habsburg-Toskana.&nbsp;Wie sein Vater&nbsp;verschafft sich&nbsp;der Erzherzog eine zweite, b\u00fcrgerliche&nbsp;Identit\u00e4t.&nbsp;Als Alberto Ortha macht er bei der k.u.k. Kriegsmarine Karriere. Wohlwollende Mitglieder des&hellip; <\/p><\/div>\n\n\n<div style=\"height:0px\" aria-hidden=\"true\" class=\"wp-block-spacer wp-container-content-32e3a40d\"><\/div>\n<\/div>\n\n<\/li><li class=\"wp-block-post post-163 post type-post status-publish format-standard has-post-thumbnail hentry category-buecher\">\n<figure style=\"aspect-ratio:3\/4; padding-bottom:var(--wp--preset--spacing--20);margin-bottom:0;\" class=\"wp-block-post-featured-image\"><a href=\"https:\/\/www.aviators.at\/?p=163\" target=\"_self\"  ><img loading=\"lazy\" decoding=\"async\" width=\"668\" height=\"1083\" src=\"https:\/\/www.aviators.at\/wp-content\/uploads\/2024\/11\/2015-08-21Rosa-flam-1-diagonal.jpg\" class=\"attachment-post-thumbnail size-post-thumbnail wp-post-image\" alt=\"Rosa Flamingo\/Roman, die Flieger\" style=\"width:100%;height:100%;object-fit:cover;\" srcset=\"https:\/\/www.aviators.at\/wp-content\/uploads\/2024\/11\/2015-08-21Rosa-flam-1-diagonal.jpg 668w, https:\/\/www.aviators.at\/wp-content\/uploads\/2024\/11\/2015-08-21Rosa-flam-1-diagonal-185x300.jpg 185w, https:\/\/www.aviators.at\/wp-content\/uploads\/2024\/11\/2015-08-21Rosa-flam-1-diagonal-632x1024.jpg 632w\" sizes=\"auto, (max-width: 668px) 100vw, 668px\" \/><\/a><\/figure>\n\n\n<div class=\"wp-block-group is-vertical is-nowrap is-layout-flex wp-container-core-group-is-layout-97ba36a5 wp-block-group-is-layout-flex\" style=\"margin-top:var(--wp--preset--spacing--20);padding-top:0\"><h2 class=\"wp-block-post-title has-large-font-size wp-container-content-32e3a40d\"><a href=\"https:\/\/www.aviators.at\/?p=163\" target=\"_self\" >Rosa Flamingo\/Roman, die Flieger<\/a><\/h2>\n\n<div class=\"wp-block-post-excerpt has-text-color has-contrast-2-color has-small-font-size wp-container-content-32e3a40d\"><p class=\"wp-block-post-excerpt__excerpt\">BAND III; 1914 &#8211; 1922; 498 Seiten: Agnes O. wird Kriegswitwe. Als Krankenschwester wirkt sie bei der Piave-Schlacht. Hunger und Seuchen bringen die junge Republik \u00d6sterreich in eine verzweifelte Lage. Agnes kehrt der Monarchenfamilie den R\u00fccken und absolviert ein Studium.&hellip; <\/p><\/div>\n\n\n<div style=\"height:0px\" aria-hidden=\"true\" class=\"wp-block-spacer wp-container-content-32e3a40d\"><\/div>\n<\/div>\n\n<\/li><li class=\"wp-block-post post-188 post type-post status-publish format-standard has-post-thumbnail hentry category-buecher\">\n<figure style=\"aspect-ratio:3\/4; padding-bottom:var(--wp--preset--spacing--20);margin-bottom:0;\" class=\"wp-block-post-featured-image\"><a href=\"https:\/\/www.aviators.at\/?p=188\" target=\"_self\"  ><img loading=\"lazy\" decoding=\"async\" width=\"813\" height=\"1236\" src=\"https:\/\/www.aviators.at\/wp-content\/uploads\/2024\/11\/2009-02-28-6-Titel-Blauer-Jaguar.jpg\" class=\"attachment-post-thumbnail size-post-thumbnail wp-post-image\" alt=\"Blauer Jaguar\/Roman, die Flieger\" style=\"width:100%;height:100%;object-fit:cover;\" srcset=\"https:\/\/www.aviators.at\/wp-content\/uploads\/2024\/11\/2009-02-28-6-Titel-Blauer-Jaguar.jpg 813w, https:\/\/www.aviators.at\/wp-content\/uploads\/2024\/11\/2009-02-28-6-Titel-Blauer-Jaguar-197x300.jpg 197w, https:\/\/www.aviators.at\/wp-content\/uploads\/2024\/11\/2009-02-28-6-Titel-Blauer-Jaguar-674x1024.jpg 674w, https:\/\/www.aviators.at\/wp-content\/uploads\/2024\/11\/2009-02-28-6-Titel-Blauer-Jaguar-768x1168.jpg 768w\" sizes=\"auto, (max-width: 813px) 100vw, 813px\" \/><\/a><\/figure>\n\n\n<div class=\"wp-block-group is-vertical is-nowrap is-layout-flex wp-container-core-group-is-layout-97ba36a5 wp-block-group-is-layout-flex\" style=\"margin-top:var(--wp--preset--spacing--20);padding-top:0\"><h2 class=\"wp-block-post-title has-large-font-size wp-container-content-32e3a40d\"><a href=\"https:\/\/www.aviators.at\/?p=188\" target=\"_self\" >Blauer Jaguar\/Roman, die Flieger<\/a><\/h2>\n\n<div class=\"wp-block-post-excerpt has-text-color has-contrast-2-color has-small-font-size wp-container-content-32e3a40d\"><p class=\"wp-block-post-excerpt__excerpt\">BAND VIII; 1967 &#8211; 1973; 489 Seiten: Pilot Carl T. wird im&nbsp;Vietnamkrieg verwundet.&nbsp;Er w\u00e4hlt die \u00f6sterreichische Staatsb\u00fcrgerschaft. Bei der Niederschlagung des&nbsp;Prager Fr\u00fchlings dient er beim Bundesheer. Erste Erfahrungen mit Frauen. Nach dem Studium beginnt seine Diplomatenlaufbahn.&nbsp;Heirat und ein Kind\/Tochter.&nbsp;am Arlberg&hellip; <\/p><\/div>\n\n\n<div style=\"height:0px\" aria-hidden=\"true\" class=\"wp-block-spacer wp-container-content-32e3a40d\"><\/div>\n<\/div>\n\n<\/li><li class=\"wp-block-post post-333 post type-post status-publish format-standard has-post-thumbnail hentry category-buecher\">\n<figure style=\"aspect-ratio:3\/4; padding-bottom:var(--wp--preset--spacing--20);margin-bottom:0;\" class=\"wp-block-post-featured-image\"><a href=\"https:\/\/www.aviators.at\/?p=333\" target=\"_self\"  ><img loading=\"lazy\" decoding=\"async\" width=\"705\" height=\"910\" src=\"https:\/\/www.aviators.at\/wp-content\/uploads\/2024\/11\/2009-02-28-4-weisse-mowe-titelbild.jpg\" class=\"attachment-post-thumbnail size-post-thumbnail wp-post-image\" alt=\"Wei\u00dfe M\u00f6we\/Roman, die Flieger\" style=\"width:100%;height:100%;object-fit:cover;\" srcset=\"https:\/\/www.aviators.at\/wp-content\/uploads\/2024\/11\/2009-02-28-4-weisse-mowe-titelbild.jpg 705w, https:\/\/www.aviators.at\/wp-content\/uploads\/2024\/11\/2009-02-28-4-weisse-mowe-titelbild-232x300.jpg 232w\" sizes=\"auto, (max-width: 705px) 100vw, 705px\" \/><\/a><\/figure>\n\n\n<div class=\"wp-block-group is-vertical is-nowrap is-layout-flex wp-container-core-group-is-layout-97ba36a5 wp-block-group-is-layout-flex\" style=\"margin-top:var(--wp--preset--spacing--20);padding-top:0\"><h2 class=\"wp-block-post-title has-large-font-size wp-container-content-32e3a40d\"><a href=\"https:\/\/www.aviators.at\/?p=333\" target=\"_self\" >Wei\u00dfe M\u00f6we\/Roman, die Flieger<\/a><\/h2>\n\n<div class=\"wp-block-post-excerpt has-text-color has-contrast-2-color has-small-font-size wp-container-content-32e3a40d\"><p class=\"wp-block-post-excerpt__excerpt\">BAND VII; 1943 &#8211; 1976, noch nicht verlegt: ca. 160 Seiten druckreif Agnes T. organisiert im 2.WK die Rettung\/Flucht von abeschossenen alliierten Flugzeugbesatzungen. Franz Otto T. wird in russischer Gefangenschaft invalide. Thomas T. heiratet nach dem Krieg eine Amerikanerin, emigriert&hellip; <\/p><\/div>\n\n\n<div style=\"height:0px\" aria-hidden=\"true\" class=\"wp-block-spacer wp-container-content-32e3a40d\"><\/div>\n<\/div>\n\n<\/li><li class=\"wp-block-post post-347 post type-post status-publish format-standard has-post-thumbnail hentry category-buecher\">\n<figure style=\"aspect-ratio:3\/4; padding-bottom:var(--wp--preset--spacing--20);margin-bottom:0;\" class=\"wp-block-post-featured-image\"><a href=\"https:\/\/www.aviators.at\/?p=347\" target=\"_self\"  ><img loading=\"lazy\" decoding=\"async\" width=\"1108\" height=\"1517\" src=\"https:\/\/www.aviators.at\/wp-content\/uploads\/2024\/11\/2009-02-28-10-Titel-Schwarze-Mamba.jpg\" class=\"attachment-post-thumbnail size-post-thumbnail wp-post-image\" alt=\"Schwarze Mamba\/Roman, die Flieger\" style=\"width:100%;height:100%;object-fit:cover;\" srcset=\"https:\/\/www.aviators.at\/wp-content\/uploads\/2024\/11\/2009-02-28-10-Titel-Schwarze-Mamba.jpg 1108w, https:\/\/www.aviators.at\/wp-content\/uploads\/2024\/11\/2009-02-28-10-Titel-Schwarze-Mamba-219x300.jpg 219w, https:\/\/www.aviators.at\/wp-content\/uploads\/2024\/11\/2009-02-28-10-Titel-Schwarze-Mamba-748x1024.jpg 748w, https:\/\/www.aviators.at\/wp-content\/uploads\/2024\/11\/2009-02-28-10-Titel-Schwarze-Mamba-768x1051.jpg 768w\" sizes=\"auto, (max-width: 1108px) 100vw, 1108px\" \/><\/a><\/figure>\n\n\n<div class=\"wp-block-group is-vertical is-nowrap is-layout-flex wp-container-core-group-is-layout-97ba36a5 wp-block-group-is-layout-flex\" style=\"margin-top:var(--wp--preset--spacing--20);padding-top:0\"><h2 class=\"wp-block-post-title has-large-font-size wp-container-content-32e3a40d\"><a href=\"https:\/\/www.aviators.at\/?p=347\" target=\"_self\" >Schwarze Mamba\/Roman, die Flieger<\/a><\/h2>\n\n<div class=\"wp-block-post-excerpt has-text-color has-contrast-2-color has-small-font-size wp-container-content-32e3a40d\"><p class=\"wp-block-post-excerpt__excerpt\">BAND XII; 1990 &#8211; 2000; noch nicht verlegt; ca. 40 Seiten druckreif: Beim 2. Golfkrieg unter einem Un-Mandat ist Carl T. im Fronteinsatz. Die Unf\u00e4higkeit von Entscheidungsgremien in der UNO beim\u00a0Zerfall Jugoslawiens und dem Genozid in Ruanda resultiert in bis&hellip; <\/p><\/div>\n\n\n<div style=\"height:0px\" aria-hidden=\"true\" class=\"wp-block-spacer wp-container-content-32e3a40d\"><\/div>\n<\/div>\n\n<\/li><\/ul>\n\n<nav class=\"wp-block-query-pagination is-content-justification-space-between is-layout-flex wp-container-core-query-pagination-is-layout-b2891da8 wp-block-query-pagination-is-layout-flex\" aria-label=\"Seitennummerierung\">\n\n\n<a href=\"\/index.php?rest_route=%2Fwp%2Fv2%2Fpages%2F24&#038;query-16-page=2\" class=\"wp-block-query-pagination-next\">N\u00e4chste Seite<span class='wp-block-query-pagination-next-arrow is-arrow-arrow' aria-hidden='true'>\u2192<\/span><\/a>\n<\/nav><\/div>\n<\/div>\n<\/div>\n\n\n\n<hr class=\"wp-block-separator alignwide has-alpha-channel-opacity\"\/>\n\n\n\n<div class=\"wp-block-media-text alignfull is-stacked-on-mobile has-base-2-background-color has-background has-medium-font-size\" style=\"padding-top:var(--wp--preset--spacing--30);padding-right:var(--wp--preset--spacing--60);padding-bottom:var(--wp--preset--spacing--30);padding-left:var(--wp--preset--spacing--60);grid-template-columns:21% auto\"><figure class=\"wp-block-media-text__media\"><img loading=\"lazy\" decoding=\"async\" width=\"127\" height=\"141\" src=\"https:\/\/www.aviators.at\/wp-content\/uploads\/2025\/04\/image001-2.png\" alt=\"\" class=\"wp-image-414 size-full\"\/><\/figure><div class=\"wp-block-media-text__content\">\n<p><strong>Die Autorin  H. C. Clain<\/strong>:<\/p>\n\n\n\n<p style=\"padding-top:0;padding-right:0;padding-bottom:0;padding-left:0\">Geboren wurde ich im \u201eDritten Reich\u201c in Schw\u00e4bisch Gm\u00fcnd. Schon als Kind setzte ich mir Ziele:<br>&#8211; Eine erfolgreiche Ballettausbildung mit Karriere.<br>&#8211; Eine fundierte kaufm\u00e4nnische Qualifikation.<br><strong>Das ist mir wichtig:<\/strong><br>&#8211; Ein liebender Ehemann und Kinder, die meine Ideen unterst\u00fctzen.<br>&#8211; Erfahrung aus langj\u00e4hrigen Auslandsaufenthalten                                                                                                         &#8211; individuelle \u201eForschungsreisen\u201c auf der ganzen Welt.<br>&#8211; Ein sch\u00f6nes Heim und ausreichende Mittel, um Kunst und Kultur genie\u00dfen zu k\u00f6nnen.<br>&#8211; Ein literarisches Werk, das den Lesern gef\u00e4llt.&nbsp;<\/p>\n\n\n\n<p><strong>Was will man mehr?<\/strong>: . . . Mehr Leser!!!<\/p>\n\n\n\n<p><strong>Co-Autoren<\/strong>: C. St. und K. K. Clain<\/p>\n<\/div><\/div>\n","protected":false},"excerpt":{"rendered":"<p>Die Autorin H. C. Clain: Geboren wurde ich im \u201eDritten Reich\u201c in Schw\u00e4bisch Gm\u00fcnd. Schon als Kind setzte ich mir Ziele:&#8211; Eine erfolgreiche Ballettausbildung mit Karriere.&#8211; Eine fundierte kaufm\u00e4nnische Qualifikation.Das ist mir wichtig:&#8211; Ein liebender Ehemann und Kinder, die meine Ideen unterst\u00fctzen.&#8211; Erfahrung aus langj\u00e4hrigen Auslandsaufenthalten &#8211; individuelle \u201eForschungsreisen\u201c auf der ganzen Welt.&#8211; Ein sch\u00f6nes [&hellip;]<\/p>\n","protected":false},"author":2,"featured_media":0,"parent":0,"menu_order":0,"comment_status":"closed","ping_status":"closed","template":"","meta":{"footnotes":""},"class_list":["post-24","page","type-page","status-publish","hentry"],"_links":{"self":[{"href":"https:\/\/www.aviators.at\/index.php?rest_route=\/wp\/v2\/pages\/24","targetHints":{"allow":["GET"]}}],"collection":[{"href":"https:\/\/www.aviators.at\/index.php?rest_route=\/wp\/v2\/pages"}],"about":[{"href":"https:\/\/www.aviators.at\/index.php?rest_route=\/wp\/v2\/types\/page"}],"author":[{"embeddable":true,"href":"https:\/\/www.aviators.at\/index.php?rest_route=\/wp\/v2\/users\/2"}],"replies":[{"embeddable":true,"href":"https:\/\/www.aviators.at\/index.php?rest_route=%2Fwp%2Fv2%2Fcomments&post=24"}],"version-history":[{"count":183,"href":"https:\/\/www.aviators.at\/index.php?rest_route=\/wp\/v2\/pages\/24\/revisions"}],"predecessor-version":[{"id":1156,"href":"https:\/\/www.aviators.at\/index.php?rest_route=\/wp\/v2\/pages\/24\/revisions\/1156"}],"wp:attachment":[{"href":"https:\/\/www.aviators.at\/index.php?rest_route=%2Fwp%2Fv2%2Fmedia&parent=24"}],"curies":[{"name":"wp","href":"https:\/\/api.w.org\/{rel}","templated":true}]}}